0
Convert 30030 (base 4) to base 11.
64a
What is 6815 (base 9) in base 4?
1032230
Convert -1414 (base 5) to base 13.
-150
1121222 (base 3) to base 16
4a3
-110300 (base 4) to base 8
-2460
What is 111010111110001 (base 2) in base 4?
13113301
-1a2 (base 13) to base 10
-301
What is -6537 (base 8) in base 7?
-12660
Convert -211112201 (base 3) to base 9.
-24481
Convert -410 (base 12) to base 8.
-1114
242102 (base 5) to base 8
21503
16589 (base 10) to base 5
1012324
What is -26c (base 16) in base 8?
-1154
Convert -4032 (base 6) to base 2.
-1101110100
-4401 (base 11) to base 4
-1122301
Convert 10055 (base 8) to base 11.
3125
-121020 (base 3) to base 4
-12312
-376a (base 11) to base 3
-20202002
Convert -1e3 (base 16) to base 5.
-3413
-40432 (base 6) to base 2
-1010011100100
What is -10303200 (base 4) in base 11?
-13871
2231303 (base 4) to base 5
323443
What is -155 (base 13) in base 11?
-1a8
Convert -17b (base 13) to base 6.
-1131
570 (base 16) to base 10
1392
a9a (base 13) to base 14
93b
Convert -35630 (base 7) to base 8.
-22021
What is 1038 (base 11) in base 5?
20442
Convert 21744 (base 8) to base 14.
34c4
Convert -1961 (base 13) to base 12.
-2245
5264 (base 7) to base 11
1440
3d2 (base 14) to base 9
1047
What is -1101010111110 (base 2) in base 6?
-51410
What is 340 (base 11) in base 8?
627
-d49 (base 15) to base 11
-2282
What is -4226 (base 9) in base 16?
-c1e
-2000211121 (base 3) to base 16
-9c28
c0c (base 13) to base 11
1595
What is 182 (base 15) in base 3?
110212
Convert 12101100 (base 3) to base 4.
331110
What is 505 (base 13) in base 14?
44a
-201011 (base 3) to base 14
-28d
-10001011000 (base 2) to base 15
-4e2
What is -2c56 (base 16) in base 2?
-10110001010110
Convert 517 (base 13) to base 11.
717
Convert 3311331 (base 4) to base 16.
3d7d
Convert -3216 (base 9) to base 10.
-2364
-4618 (base 9) to base 15
-102e
What is -374 (base 12) in base 3?
-201021
Convert -16c2 (base 13) to base 12.
-1b49
1077 (base 8) to base 15
285
What is 138a (base 14) in base 5?
102304
-b25 (base 16) to base 8
-5445
-4345 (base 6) to base 5
-13001
What is -293 (base 12) in base 5?
-3044
Convert -2010202120 (base 3) to base 9.
-63676
What is 225 (base 8) in base 7?
302
Convert -2211144 (base 5) to base 11.
-26858
Convert 56a (base 13) to base 8.
1645
What is 1bc (base 15) in base 9?
486
What is 2111011210 (base 3) in base 12?
24410
What is -121 (base 10) in base 3?
-11111
21020220 (base 3) to base 16
14a9
What is 10010000000000010 (base 2) in base 7?
424646
-141124 (base 5) to base 15
-1aae
452 (base 16) to base 5
13411
Convert 27d9 (base 14) to base 10.
7051
What is 33b (base 15) in base 16?
2db
Convert 343 (base 12) to base 5.
3413
141b (base 13) to base 4
231101
-323 (base 12) to base 11
-388
-18049 (base 11) to base 12
-127ba
Convert -1a40 (base 16) to base 9.
-10186
638 (base 9) to base 5
4041
What is 3 (base 9) in base 15?
3
6323 (base 14) to base 10
17083
Convert 34150 (base 6) to base 5.
123233
What is -120110 (base 3) in base 2?
-110100001
-3313220 (base 4) to base 7
-64130
-11305 (base 9) to base 4
-1311302
Convert -409 (base 10) to base 16.
-199
-1892b (base 12) to base 7
-206432
13545 (base 6) to base 5
32103
30a62 (base 12) to base 15
13d32
-447 (base 10) to base 9
-546
What is -88b6 (base 12) in base 16?
-3b0a
Convert -425 (base 13) to base 9.
-865
-121001 (base 3) to base 4
-12301
What is 2680 (base 11) in base 4?
312110
What is -1573a (base 14) in base 8?
-150470
What is 110011011 (base 2) in base 4?
12123
What is -30332 (base 6) in base 14?
-166c
Convert -3004 (base 5) to base 6.
-1431
Convert -1261e (base 15) to base 16.
-e582
What is 31a (base 13) in base 6?
2242
Convert -9650 (base 10) to base 3.
-111020102
Convert -7682 (base 11) to base 14.
-399b
What is 27601 (base 12) in base 16?
d4a1
What is -71532 (base 8) in base 12?
-1510a
What is 3686 (base 14) in base 15?
2c51
What is -144551 (base 7) in base 16?
-6da0
0 (base 5) to base 15
0
-223102 (base 4) to base 15
-c4a
What is 123030 (base 4) in base 16?
6cc
What is 2a3 (base 11) in base 6?
1351
What is 12104 (base 6) in base 3?
2102111
What is -21060 (base 9) in base 3?
-201002000
Convert -163644 (base 8) to base 4.
-32132210
Convert -11588 (base 9) to base 12.
-45bb
Convert -468 (base 9) to base 14.
-1d8
-52131 (base 8) to base 15
-65e8
-99b (base 16) to base 6
-15215
Convert -2301 (base 4) to base 5.
-1202
111001010 (base 2) to base 15
208
-21852 (base 11) to base 7
-161145
-17e2 (base 16) to base 7
-23553
-12109 (base 10) to base 5
-341414
What is b47 (base 13) in base 5?
30133
Convert -10201 (base 3) to base 10.
-100
-1c5 (base 14) to base 4
-11301
Convert 12588 (base 16) to base 13.
28284
10100010101100 (base 2) to base 7
42233
110110011111 (base 2) to base 8
6637
-5525 (base 7) to base 9
-2638
What is -101101101000110 (base 2) in base 12?
-11632
What is -154167 (base 8) in base 9?
-84012
5806 (base 14) to base 5
442134
Convert 130241 (base 6) to base 7.
46201
Convert -5c03 (base 13) to base 3.
-122212002
What is -121220200 (base 3) in base 16?
-302a
Convert -154126 (base 8) to base 6.
-1104222
What is -17044 (base 10) in base 11?
-11895
-1150 (base 6) to base 3
-101110
What is -113230 (base 4) in base 15?
-6b1
What is 3178 (base 11) in base 6?
31235
-356 (base 10) to base 6
-1352
What is 44038 (base 9) in base 6?
343055
110403 (base 5) to base 13
19a5
Convert 13040 (base 6) to base 10.
1968
3450 (base 12) to base 6
42540
Convert 72396 (base 10) to base 5.
4304041
What is 2030 (base 5) in base 15?
12a
100001000 (base 2) to base 13
174
Convert 1010021020 (base 3) to base 14.
8081
Convert 25169 (base 11) to base 12.
18ab1
Convert 2734 (base 12) to base 9.
6154
4033 (base 6) to base 10
885
What is 10010001110101 (base 2) in base 8?
22165
Convert 221100 (base 3) to base 12.
490
-51e (base 15) to base 8
-2202
1b1c (base 14) to base 9
6673
Convert -1110011011010110 (base 2) to base 13.
-20b89
8e5 (base 15) to base 4
133133
What is 18456 (base 11) in base 6?
315334
What is -30a (base 14) in base 3?
-211011
313203 (base 4) to base 5
103210
What is -11e (base 15) in base 2?
-11111110
What is 1862 (base 14) in base 9?
6026
Convert -336 (base 16) to base 2.
-1100110110
-e88 (base 15) to base 5
-101103
7496 (base 12) to base 3
122112120
-66 (base 14) to base 7
-156
Convert 1111111 (base 3) to base 15.
4cd
Convert 101231 (base 4) to base 8.
2155
-1452 (base 11) to base 9
-2510
What is 1301 (base 7) in base 9?
605
-10010 (base 2) to base 9
-20
1167 (base 9) to base 10
871
What is -444300 (base 5) in base 2?
-11110011010111
-447 (base 14) to base 11
-700
b2 (base 13) to base 4
2101
What is -8949 (base 10) in base 6?
-105233
What is 34015 (base 6) in base 7?
16613
-314 (base 12) to base 11
-378
What is -4363 (base 10) in base 8?
-10413
What is -240 (base 9) in base 15?
-d3
-b637 (base 14) to base 3
-1121002022
Convert 12056 (base 7) to base 4.
300320
What is 121004 (base 5) in base 12?
2734
Convert 678 (base 13) to base 7.
3150
Convert 38 (base 12) to base 3.
1122
What is -12b (base 14) in base 2?
-11101011
Convert 1020 (base 6) to base 5.
1403
What is 498 (base 16) in base 2?
10010011000
What is -122122 (base 4) in base 9?
-2277
Convert 3944 (base 11) to base 2.
1010000001010
What is 2549 (base 11) in base 5?
101240
What is -17076 (base 9) in base 12?
-6959
2583 (base 10) to base 6
15543
-13003 (base 5) to base 12
-6b7
What is 280a (base 11) in base 8?
7070
Convert 118c (base 14) to base 9.
4174
Convert fe (base 16) to base 11.
211
Convert 7305 (base 15) to base 14.
8c01
1a97 (base 11) to base 7
10501
122330 (base 4) to base 13
a28
4b0 (base 16) to base 13
714
-1044 (base 7) to base 13
-22b
-816 (base 12) to base 9
-1540
Convert 1172 (base 10) to base 5.
14142
Convert 1904 (base 15) to base 13.
25c9
What is -3353 (base 7) in base 9?
-1588
What is 12301222 (base 4) in base 12?
1408a
32 (base 7) to base 3
212
Convert -16a2 (base 12) to base 6.
-20322
Convert -14000 (base 6) to base 16.
-870
-120012 (base 3) to base 4
-12122
What is 112212212 (base 3) in base 5?
321400
Convert -5613 (base 9) to base 6.
-31103
What is 461 (base 13) in base 6?
3255
Convert -90 (base 10) to base 12.
-76
What is 1017 (base 8) in base 3?
201112
What is -143221 (base 5) in base 4?
-1132231
Convert 244032 (base 6) to base 12.
1061